{"id":112,"date":"2022-05-17T19:10:16","date_gmt":"2022-05-17T19:10:16","guid":{"rendered":"https:\/\/zsp-rojow.pl\/szkola\/?page_id=112"},"modified":"2025-10-02T15:47:11","modified_gmt":"2025-10-02T15:47:11","slug":"kadra-pedagogiczna","status":"publish","type":"page","link":"https:\/\/zsp-rojow.pl\/szkola\/kadra-pedagogiczna\/","title":{"rendered":"KADRA PEDAGOGICZNA"},"content":{"rendered":"\t\t<div data-elementor-type=\"wp-page\" data-elementor-id=\"112\" class=\"elementor elementor-112\">\n\t\t\t\t\t\t\t\t\t<section class=\"elementor-section elementor-top-section elementor-element elementor-element-036bbee elementor-section-boxed elementor-section-height-default elementor-section-height-default\" data-id=\"036bbee\" data-element_type=\"section\" data-settings=\"{&quot;background_background&quot;:&quot;classic&quot;}\">\n\t\t\t\t\t\t<div class=\"elementor-container elementor-column-gap-default\">\n\t\t\t\t\t<div class=\"elementor-column elementor-col-100 elementor-top-column elementor-element elementor-element-3778ff0\" data-id=\"3778ff0\" data-element_type=\"column\" data-settings=\"{&quot;background_background&quot;:&quot;classic&quot;}\">\n\t\t\t<div class=\"elementor-widget-wrap elementor-element-populated\">\n\t\t\t\t\t\t\t\t<div class=\"elementor-element elementor-element-7b4f070 elementor-widget elementor-widget-spacer\" data-id=\"7b4f070\" data-element_type=\"widget\" data-widget_type=\"spacer.default\">\n\t\t\t\t<div class=\"elementor-widget-container\">\n\t\t\t<style>\/*! elementor - v3.16.0 - 17-10-2023 *\/\n.elementor-column .elementor-spacer-inner{height:var(--spacer-size)}.e-con{--container-widget-width:100%}.e-con-inner>.elementor-widget-spacer,.e-con>.elementor-widget-spacer{width:var(--container-widget-width,var(--spacer-size));--align-self:var(--container-widget-align-self,initial);--flex-shrink:0}.e-con-inner>.elementor-widget-spacer>.elementor-widget-container,.e-con>.elementor-widget-spacer>.elementor-widget-container{height:100%;width:100%}.e-con-inner>.elementor-widget-spacer>.elementor-widget-container>.elementor-spacer,.e-con>.elementor-widget-spacer>.elementor-widget-container>.elementor-spacer{height:100%}.e-con-inner>.elementor-widget-spacer>.elementor-widget-container>.elementor-spacer>.elementor-spacer-inner,.e-con>.elementor-widget-spacer>.elementor-widget-container>.elementor-spacer>.elementor-spacer-inner{height:var(--container-widget-height,var(--spacer-size))}.e-con-inner>.elementor-widget-spacer.elementor-widget-empty,.e-con>.elementor-widget-spacer.elementor-widget-empty{position:relative;min-height:22px;min-width:22px}.e-con-inner>.elementor-widget-spacer.elementor-widget-empty .elementor-widget-empty-icon,.e-con>.elementor-widget-spacer.elementor-widget-empty .elementor-widget-empty-icon{position:absolute;top:0;bottom:0;left:0;right:0;margin:auto;padding:0;width:22px;height:22px}<\/style>\t\t<div class=\"elementor-spacer\">\n\t\t\t<div class=\"elementor-spacer-inner\"><\/div>\n\t\t<\/div>\n\t\t\t\t<\/div>\n\t\t\t\t<\/div>\n\t\t\t\t<div class=\"elementor-element elementor-element-acf0192 elementor-widget elementor-widget-text-editor\" data-id=\"acf0192\" data-element_type=\"widget\" data-widget_type=\"text-editor.default\">\n\t\t\t\t<div class=\"elementor-widget-container\">\n\t\t\t<style>\/*! elementor - v3.16.0 - 17-10-2023 *\/\n.elementor-widget-text-editor.elementor-drop-cap-view-stacked .elementor-drop-cap{background-color:#69727d;color:#fff}.elementor-widget-text-editor.elementor-drop-cap-view-framed .elementor-drop-cap{color:#69727d;border:3px solid;background-color:transparent}.elementor-widget-text-editor:not(.elementor-drop-cap-view-default) .elementor-drop-cap{margin-top:8px}.elementor-widget-text-editor:not(.elementor-drop-cap-view-default) .elementor-drop-cap-letter{width:1em;height:1em}.elementor-widget-text-editor .elementor-drop-cap{float:left;text-align:center;line-height:1;font-size:50px}.elementor-widget-text-editor .elementor-drop-cap-letter{display:inline-block}<\/style>\t\t\t\t<p><strong><u>DYREKTOR<\/u><u> SZKO\u0141Y:<\/u><\/strong><\/p>\n<p>mgr S\u0142awomir Kobzda &#8211; geografia<\/p>\n<p><strong><u>ZAST\u0118PCA DYREKTORA:<\/u><\/strong><\/p>\n<p>mgr Sabina J\u00f3zefiak-matematyka, oligofrenopedagogika<\/p>\n<p>mgr Ma\u0142gorzata Sauer \u2013 matematyka<\/p>\n<p>mgr Marek Drzazga \u2013 j.polski<\/p>\n<p><strong><u>logopeda:<\/u><\/strong><\/p>\n<p>mgr Katarzyna Bzura<\/p>\n<p>mgr Marta Rogalewska<\/p>\n<p><strong><u>pedagog szkolny:<\/u><\/strong><\/p>\n<p>mgr Joanna Grzesiak<\/p>\n<p>mgr Katarzyna Bzura<\/p>\n<p><span style=\"font-weight: bolder;\"><u>psycholog szkolny:<\/u><\/span><\/p>\n<p>mgr Anna Dybul &#8211; Nawrot<\/p>\n<p>mgr Dominika Herman -\u017bak<\/p>\n<p><strong>specjali\u015bci:<\/strong><\/p>\n<p>Aneta Chojdak \u2013 rehabilitacja<\/p>\n<p><strong style=\"color: var( --e-global-color-text ); font-family: var( --e-global-typography-text-font-family ), Sans-serif; background-color: var( --e-global-color-accent ); font-size: 1rem;\"><u>biblioteka<\/u><\/strong><\/p>\n<p>mgr Danuta Knopik<\/p>\n<p><strong><u>\u015bwietlica:<\/u><\/strong><\/p>\n<p>mgr Beata Jab\u0142o\u0144ska<\/p>\n<p>mgr Beata Picher<\/p>\n<p>mgr Dariusz M\u0105dry<\/p>\n<p><strong><u>NAUCZYCIELE klas I \u2013 III:<\/u><\/strong><\/p>\n<p><span style=\"font-size: 1rem;\">mgr Dominika Stambu\u0142a<\/span><span style=\"font-size: 1rem;\">&nbsp;&#8211; wychowawca kl. Ia<\/span><\/p>\n<p><span style=\"font-size: 1rem;\">mgr Danuta Bi\u0144ska<\/span>&nbsp;&#8211; wychowawca kl. Ib<\/p>\n<p><span style=\"color: var( --e-global-color-text ); font-family: var( --e-global-typography-text-font-family ), Sans-serif; font-weight: var( --e-global-typography-text-font-weight ); background-color: var( --e-global-color-accent ); font-size: 1rem;\">mgr Miros\u0142awa G\u0142\u0105biak-wychowawca kl. IIa<\/span><\/p>\n<p>nauczyciel wspomagaj\u0105cy \u2013 mgr Ewelina Guzenda<\/p>\n<p>mgr Anna Domazer\u2013 wychowawca kl. IIb<\/p>\n<p>nauczyciel wspomagaj\u0105cy \u2013 mgr Bo\u017cena Jab\u0142o\u0144ska<\/p>\n<p>mgr Anna Turek \u2013 wychowawca kl. IIc<\/p>\n<p>mgr Agnieszka Pawlak &#8211; wychowawca kl. IId<\/p>\n<p>mgr Iwona Bia\u0142ek \u2013 wychowawca kl IIIa<\/p>\n<p>nauczyciel wspomagaj\u0105cy-mgr Magdalena Matysiak<\/p>\n<p>mgr Zofia K\u0142obuszewska\u2013 wychowawca kl.IIIb<\/p>\n<p>mgr Agnieszka Ulichnowska &#8211; Gajda \u2013 wychowawca kl. IIIc<\/p>\n<p><strong><u>NAUCZYCIELE klas IV \u2013 VIII:<\/u><\/strong><\/p>\n<p>mgr Edyta Zygmunt-J\u0119drzejak &#8211; wychowawca kl. IVa, j\u0119zyk angielski<\/p><p>nauczyciel wspomagaj\u0105cy &#8211; mgr Maria \u0141acina&nbsp;<\/p>\n<p>mgr Beata Gabry\u015b &#8211; wychowawca kl.IVb, j\u0119zyk polski<\/p>\n<p>mgr Katarzyna Bolach &#8211; wychowawca kl.IVc, j\u0119zyk angielski<\/p>\n<p>mgr Kinga Kurek- wychowawca kl.Va, j\u0119zyk angielski, j\u0119zyk niemiecki<\/p>\n<p>nauczyciel wspomagaj\u0105cy &#8211; mgr Maria Widerska<\/p>\n<p>mgr Marta Rogalewska &#8211; wychowawca kl.Vb, technika<\/p>\n<p>mgr Natalia Jambro\u017cy &#8211; wychowawca kl.Vc, matematyka, chemia<\/p>\n<p>mgr Magdalena Potyra\u0142a &#8211; wychowawca kl.VIa, j\u0119zyk angielski<\/p>\n<p>nauczyciel wspomagaj\u0105cy &#8211; mgr Anna Kotarba<\/p>\n<p>mgr Aleksandra Wieczorek- wychowawca kl.VIb, informatyka<\/p>\n<p>&nbsp;nauczyciel wspomagaj\u0105cy &#8211; mgr Karolina Figo\u0144<\/p>\n<p>mgr Aldona B\u0142och \u2013&nbsp; \u0141\u0105cka &#8211; wychowawca kl. VIc, przyroda, biologia, geografia<\/p>\n<p>mgr Beata Marcjasz-wychowawca kl. VIIa, j\u0119zyk polski, historia<\/p>\n<p>nauczyciel wspomagaj\u0105cy &#8211; mgr Magdalena Matysiak<\/p>\n<p>mgr. Pawe\u0142 Gilar &#8211; wychowawca kl. VIIb, wychowanie fizyczne<\/p>\n<p>nauczyciel wspomagaj\u0105cy &#8211; mgr Paulina Wojtasik<\/p>\n<p>mgr. Iwona Skrobacz &#8211; wychowawca kl. VIIc, historia, wos<\/p>\n<p>mgr Alina B\u0142aszczyk-wychowawca kl. VIIIa, wychowanie fizyczne, gimnastyka korekcyjna<\/p>\n<p>mgr Hanna Kempa- wychowawca kl. VIIIb, j\u0119zyk polski<\/p>\n<p><\/p>\n<p>mgr Beata Prusinkiewicz<span style=\"font-size: 1rem;\">&nbsp;\u2013&nbsp; j.polski<\/span><\/p>\n<p>mgr Ma\u0142gorzata Jurkiewicz &#8211; Ma\u0142olepsza &#8211; matematyka, fizyka<\/p>\n<p>mgr Ewa Drzewicz-geografia, przyroda, biologia, edukacja zdrowotna<\/p>\n<p>mgr Aneta Szmaj &#8211; religia, edukacja dla bezpiecze\u0144stwa, j. niemiecki<\/p>\n<p>mgr Dariusz M\u0105dry- wychowanie fizyczne<\/p>\n<p>mgr Zuzanna Kulawiak &#8211; Nieruchalska-plastyka<\/p>\n<p>mgr Piotr Mierniczak&nbsp; &#8211; fizyka<\/p>\n<p>mgr Bo\u017cena Jab\u0142o\u0144ska &#8211; muzyka<\/p>\n<p>mgr Piotr Kossok &#8211; muzyka<\/p>\n<p>mgr Przemys\u0142aw Dubiel &#8211; wychowanie fizyczne<\/p>\n<p>mgr Ma\u0142gorzata Jany &#8211; Bednarek &#8211; matematyka<\/p>\n<p>mgr Dominika Herman -\u017bak &#8211; edukacja zdrowotna<\/p>\n<p>s. Daniela (Barbara J\u00f3\u017awik) &#8211; religia<\/p>\n<p><\/p>\t\t\t\t\t\t<\/div>\n\t\t\t\t<\/div>\n\t\t\t\t<div class=\"elementor-element elementor-element-84b19be elementor-widget elementor-widget-spacer\" data-id=\"84b19be\" data-element_type=\"widget\" data-widget_type=\"spacer.default\">\n\t\t\t\t<div class=\"elementor-widget-container\">\n\t\t\t\t\t<div class=\"elementor-spacer\">\n\t\t\t<div class=\"elementor-spacer-inner\"><\/div>\n\t\t<\/div>\n\t\t\t\t<\/div>\n\t\t\t\t<\/div>\n\t\t\t\t\t<\/div>\n\t\t<\/div>\n\t\t\t\t\t\t\t<\/div>\n\t\t<\/section>\n\t\t\t\t\t\t\t<\/div>\n\t\t","protected":false},"excerpt":{"rendered":"<p>DYREKTOR SZKO\u0141Y: mgr S\u0142awomir Kobzda &#8211; geografia ZAST\u0118PCA DYREKTORA: mgr Sabina J\u00f3zefiak-matematyka, oligofrenopedagogika mgr Ma\u0142gorzata Sauer \u2013 matematyka mgr Marek Drzazga \u2013 j.polski logopeda: mgr Katarzyna Bzura mgr Marta Rogalewska pedagog szkolny: mgr Joanna Grzesiak mgr Katarzyna Bzura psycholog szkolny: mgr Anna Dybul &#8211; Nawrot mgr Dominika Herman -\u017bak specjali\u015bci: Aneta Chojdak \u2013 rehabilitacja biblioteka [&hellip;]<\/p>\n","protected":false},"author":1,"featured_media":0,"parent":0,"menu_order":0,"comment_status":"closed","ping_status":"closed","template":"","meta":{"footnotes":""},"class_list":["post-112","page","type-page","status-publish","hentry"],"_links":{"self":[{"href":"https:\/\/zsp-rojow.pl\/szkola\/wp-json\/wp\/v2\/pages\/112","targetHints":{"allow":["GET"]}}],"collection":[{"href":"https:\/\/zsp-rojow.pl\/szkola\/wp-json\/wp\/v2\/pages"}],"about":[{"href":"https:\/\/zsp-rojow.pl\/szkola\/wp-json\/wp\/v2\/types\/page"}],"author":[{"embeddable":true,"href":"https:\/\/zsp-rojow.pl\/szkola\/wp-json\/wp\/v2\/users\/1"}],"replies":[{"embeddable":true,"href":"https:\/\/zsp-rojow.pl\/szkola\/wp-json\/wp\/v2\/comments?post=112"}],"version-history":[{"count":108,"href":"https:\/\/zsp-rojow.pl\/szkola\/wp-json\/wp\/v2\/pages\/112\/revisions"}],"predecessor-version":[{"id":4399,"href":"https:\/\/zsp-rojow.pl\/szkola\/wp-json\/wp\/v2\/pages\/112\/revisions\/4399"}],"wp:attachment":[{"href":"https:\/\/zsp-rojow.pl\/szkola\/wp-json\/wp\/v2\/media?parent=112"}],"curies":[{"name":"wp","href":"https:\/\/api.w.org\/{rel}","templated":true}]}}